?
True
Is 187751 composite?
False
Is 183382543 prime?
True
Is 703770871 a composite number?
True
Is 16347997 prime?
True
Is 25012643 a composite number?
False
Is 475535041 composite?
True
Is 905503 composite?
True
Is 72472493 a prime number?
False
Is 5414731 composite?
True
Is 169708213 prime?
True
Is 13237669 a prime number?
False
Is 102203687 composite?
False
Is 33899777 composite?
False
Is 56601073 prime?
True
Is 11241887 prime?
True
Is 84264365 composite?
True
Is 1386176299 a composite number?
False
Is 5958643 a prime number?
True
Is 5422279 a composite number?
True
Is 77626691 composite?
False
Is 34244527 composite?
False
Is 1363027 prime?
True
Is 306343 composite?
True
Is 110147107 a composite number?
True
Is 350809289 a composite number?
False
Is 53182603 a composite number?
False
Is 14591 a composite number?
False
Is 3866201 composite?
False
Is 4363889 a prime number?
True
Is 8557747 a prime number?
False
Is 101436971 prime?
True
Is 14594599 a prime number?
True
Is 50161537 composite?
False
Is 2273651 prime?
True
Is 6354043 composite?
False
Is 30395909 prime?
False
Is 76663421 a composite number?
True
Is 6927962 a composite number?
True
Is 11407213 a composite number?
False
Is 257952467 a prime number?
True
Is 198074287 a composite number?
False
Is 9073 prime?
False
Is 406487517 a prime number?
False
Is 247044943 a composite number?
True
Is 152185823 a prime number?
False
Is 82965193 a prime number?
False
Is 214397 prime?
False
Is 49776505 a composite number?
True
Is 1632691 a composite number?
False
Is 35072318 a composite number?
True
Is 328087561 a prime number?
True
Is 4614787 a composite number?
True
Is 4234651 a composite number?
False
Is 106607701 a composite number?
False
Is 8168207 a prime number?
True
Is 89579513 prime?
False
Is 215913193 prime?
True
Is 62593169 composite?
True
Is 2621321 composite?
True
Is 66325643 a composite number?
False
Is 5554243 composite?
True
Is 1658629 a prime number?
False
Is 74855711 a composite number?
True
Is 8814485 a composite number?
True
Is 22532899 composite?
False
Is 21890653 composite?
True
Is 477827 composite?
True
Is 28928785 composite?
True
Is 11379893 a composite number?
True
Is 9816593 a composite number?
False
Is 66933487 composite?
False
Is 12547819 prime?
False
Is 60788293 prime?
True
Is 5092793 composite?
False
Is 1520299 a composite number?
True
Is 80280731 a composite number?
True
Is 1047221 a prime number?
False
Is 79414435 composite?
True
Is 1490777 composite?
True
Is 27327103 composite?
False
Is 5707789 a composite number?
True
Is 17271469 a composite number?
False
Is 1401173 prime?
False
Is 18351579 a prime number?
False
Is 16284113 composite?
True
Is 42153301 prime?
False
Is 26666191 composite?
False
Is 8421043 prime?
False
Is 25031 prime?
True
Is 26837639 a composite number?
True
Is 183695 a prime number?
False
Is 977447 composite?
False
Is 9324463 a prime number?
True
Is 6404663 prime?
False
Is 155442319 a composite number?
False
Is 5241577 prime?
False
Is 835097 composite?
False
Is 14225921 a composite number?
True
Is 3598759 prime?
False
Is 1663513 a composite number?
False
Is 3705311 a composite number?
False
Is 969079 a composite number?
True
Is 9060839 a prime number?
False
Is 3460553 a prime number?
True
Is 972887623 prime?
True
Is 881263 prime?
False
Is 29673317 prime?
True
Is 4238341 a prime number?
False
Is 34624229 a composite number?
True
Is 352796947 composite?
False
Is 204118243 prime?
False
Is 1134941758 a composite number?
True
Is 5369713 a composite number?
False
Is 919346491 composite?
True
Is 951605527 a prime number?
True
Is 9823777 prime?
False
Is 39802271 a prime number?
True
Is 2291843 composite?
True
Is 101004005 composite?
True
Is 11342309 a prime number?
False
Is 4195999 a composite number?
False
Is 118831 a composite number?
False
Is 593833 composite?
True
Is 195479071 a prime number?
True
Is 46057903 composite?
False
Is 1379579 composite?
False
Is 24689591 composite?
False
Is 279688517 a prime number?
True
Is 48824539 a composite number?
True
Is 14559559 prime?
False
Is 32266537 a prime number?
False
Is 70604813 composite?
False
Is 49739 a prime number?
True
Is 294676789 a prime number?
False
Is 2701529 composite?
False
Is 16381289 prime?
False
Is 20602447 a prime number?
True
Is 12461453 a prime number?
True
Is 3282437 prime?
True
Is 42837491 composite?
True
Is 32193817 prime?
True
Is 16181117 composite?
False
Is 74827967 a composite number?
False
Is 8849 a composite number?
False
Is 2724619747 composite?
False
Is 112757 a prime number?
True
Is 111193 prime?
False
Is 843331 composite?
False
Is 129822001 prime?
True
Is 16329745 composite?
True
Is 43269251 a composite number?
True
Is 8299891 composite?
False
Is 7330991 composite?
True
Is 50767149 a composite number?
True
Is 21834167 composite?
False
Is 315647261 a composite number?
False
Is 2621053 prime?
True
Is 136075553 composite?
True
Is 667577 prime?
True
Is 15808511 a composite number?
False
Is 10797259 composite?
True
Is 2248739 composite?
False
Is 109309258 composite?
True
Is 30203383 a prime number?
False
Is 93183893 prime?
False
Is 2790271 prime?
False
Is 4932847 composite?
True
Is 116120143 a prime number?
True
Is 7929893 a composite number?
True
Is 417856441 composite?
False
Is 140195057 prime?
True
Is 876179 a prime number?
False
Is 26712129 prime?
False
Is 98315461 composite?
False
Is 720329 a prime number?
False
Is 17701219 a prime number?
True
Is 20239321 composite?
False
Is 14465957 composite?
True
Is 105500891 a prime number?
True
Is 1106257 a prime number?
True
Is 1279409 composite?
True
Is 73678741 a composite number?
False
Is 6026599 a prime number?
False
Is 27900133 prime?
True
Is 650911 a prime number?
True
Is 24291983 prime?
True
Is 540360311 composite?
False
Is 187728571 a prime number?
False
Is 1658831 prime?
False
Is 7823329 a prime number?
False
Is 597430133 a composite number?
True
Is 149917517 prime?
True
Is 135535901 prime?
True
Is 26187341 composite?
False
Is 25131481 composite?
False
Is 15357014 a prime number?
False
Is 6064297 a prime number?
False
Is 7346821 composite?
True
Is 277286279 composite?
False
Is 15838753 prime?
False
Is 956111 prime?
False
Is 158773397 composite?
False
Is 2117233 prime?
True
Is 3460447 prime?
True
Is 1301033 prime?
True
Is 45406649 a composite number?
False
Is 570229 composite?
True
Is 26944319 a composite number?
False
Is 354001 a prime number?
True
Is 119861803 a composite number?
False
Is 7373183 a prime number?
True
Is 453689 a composite number?
True
Is 25617047 a prime number?
False
Is 8058189 a prime number?
False
Is 258278021 a prime number?
False
Is 3584701 composite?
True
Is 2197619 a prime number?
False
Is 295441403 a prime number?
True
Is 299789419 composite?
False
Is 216551141 prime?
False
Is 16598261 composite?
True
Is 38585923 a composite number?
False
Is 1949827 a composite number?
True
Is 3663973 a composite number?
True
Is 1877413 a composite number?
True
Is 1856535877 composite?
True
Is 3084961 a prime number?
False
Is 10179449 a prime number?
False
Is 17502857 a prime number?
False
Is 122550287 a prime number?
True
Is 23849153 prime?
False
Is 1127741 prime?
True
Is 7495003 a prime number?
True
Is 903477817 composite?
True
Is 112535747 a prime number?
False
Is 245167 composite?
True
Is 14633513 prime?
True
Is 594071 prime?
False
Is 259552297 a prime number?
True
Is 1951797 a prime number?
False
Is 273002501 a composite number?
False
Is 12377843 a prime number?
True
Is 700477 a prime number?
False
Is 6401663 a prime number?
False
Is 7632127 prime?
False
Is 29121007 a prime number?
False
Is 2595269 composite?
True
Is 4297697 prime?
True
Is 141521867 a composite number?
True
Is 2503703 composite?
False
Is 16136431 composite?
True
Is 1094893 composite?
True
Is 7663753 prime?
False
Is 14788141 a prime number?
True
Is 28901227 a prime number?
False
Is 35932313 composite?
True
Is 26220809 a prime number?
True
Is 4379968319 composite?
False
Is 1054543 a composite number?
True
Is 47557582 composite?
True
Is 9938281 prime?
True
Is 13811255 a composite number?
True
Is 10703351 a prime number?
False
Is 38912351 a composite number?
True
Is 3818279 composite?
True
Is 9177347 composite?
False
Is 12709847 a prime number?
True
